{"id":11,"date":"2023-09-28T09:39:29","date_gmt":"2023-09-28T07:39:29","guid":{"rendered":"http:\/\/spectrumsolar.nl\/?page_id=11"},"modified":"2024-06-04T08:38:13","modified_gmt":"2024-06-04T06:38:13","slug":"versandinformationen","status":"publish","type":"page","link":"https:\/\/www.123-kaminofen.de\/deutsch\/versandinformationen\/","title":{"rendered":"Versandinformationen"},"content":{"rendered":"\t\t<div data-elementor-type=\"wp-page\" data-elementor-id=\"11\" class=\"elementor elementor-11\">\n\t\t\t\t\t\t<section class=\"wd-negative-gap elementor-section elementor-top-section elementor-element elementor-element-ac82484 elementor-section-boxed elementor-section-height-default elementor-section-height-default\" data-id=\"ac82484\" data-element_type=\"section\">\n\t\t\t\t\t\t<div class=\"elementor-container elementor-column-gap-default\">\n\t\t\t\t\t<div class=\"elementor-column elementor-col-100 elementor-top-column elementor-element elementor-element-a72d522\" data-id=\"a72d522\" data-element_type=\"column\">\n\t\t\t<div class=\"elementor-widget-wrap elementor-element-populated\">\n\t\t\t\t\t\t<div class=\"elementor-element elementor-element-a24485b wd-width-100 elementor-widget elementor-widget-wd_title\" data-id=\"a24485b\" data-element_type=\"widget\" data-widget_type=\"wd_title.default\">\n\t\t\t\t<div class=\"elementor-widget-container\">\n\t\t\t\t\t\t\t<div class=\"title-wrapper wd-set-mb reset-last-child wd-title-color-default wd-title-style-default wd-title-size-default text-left\">\n\n\t\t\t\n\t\t\t<div class=\"liner-continer\">\n\t\t\t\t<h4 class=\"woodmart-title-container title wd-fontsize-l\">Versand bei 123-Kaminofen<\/h4> \n\t\t\t\t\t\t\t<\/div>\n\n\t\t\t\t\t\t\t<div class=\"title-after_title reset-last-child wd-fontsize-xs\">\n\t\t\t\t\t<p>Auf die H\u00f6he der Versandkosten weisen wir im Warenkorb f\u00fcr das jeweilige Produkt separat aus. Grunds\u00e4tzlich fallen nur einmal Versandkosten an, egal wie viel Sie bestellen.<\/p><p><strong>Vorgehensweise:<\/strong><\/p><p>Legen Sie sich die gew\u00fcnschten Artikel in den Warenkorb. Am Ende Ihrer Bestellung werden Ihnen die Versandkosten angezeigt, oder Sie nutzen unsere Versandkostenermittlung im Warenkorb.<\/p><p>Der Gesamtpreis f\u00fcr die bestellten Waren und alle zus\u00e4tzlich anfallenden Kosten, wie z. B. Nachnahmegeb\u00fchren (wenn gew\u00e4hlt), werden Ihnen vor Abschluss der Bestellung nochmals angezeigt. F\u00fcr R\u00fcckfragen steht Ihnen unser Kundenservice gern zur Verf\u00fcgung.<\/p><p><strong>Wichtige Informationen zur Lieferung:\u00a0<\/strong><\/p><p>Die Lieferung von Speditionsversandg\u00fctern erfolgt, soweit nicht anders in Textform vereinbart, immer frei Bordsteinkante.<\/p><p>Wir versenden ausschlie\u00dflich versichert. Die gesetzlichen Regelungen zum Versandrisiko bleiben hiervon unber\u00fchrt.\u00a0<\/p><p>Bitte kontrollieren Sie die Ware beim Empfang auf Transportsch\u00e4den und lassen Sie sich diese direkt vom Zusteller \/ Spediteur quittieren. Sollten Sie beim Auspacken der Ware einen verdeckten Transportschaden feststellen, der bei der \u00dcbergabe der Ware nicht erkennbar war, so dokumentieren Sie diesen bitte und informieren Sie uns bitte umgehend. Wir haben sonst keine M\u00f6glichkeit, bei den Versandunternehmen Schadenersatzforderungen geltend zu machen. Gesetzliche Gew\u00e4hrleistungsanspr\u00fcche bleiben hiervon unber\u00fchrt.<\/p><p><strong>Unsere Logistikpartner:<\/strong><\/p><p>Im Paketversand arbeiten wir mit dem verl\u00e4sslichem Partner DHL.\u00a0<\/p><p>Bei unseren Speditionsg\u00fctern setzten wir auf unseren langj\u00e4hrigen Partner, die Georg Boll Spedition.\u00a0<\/p>\t\t\t\t<\/div>\n\t\t\t\t\t<\/div>\n\t\t\t\t\t\t<\/div>\n\t\t\t\t<\/div>\n\t\t\t\t\t<\/div>\n\t\t<\/div>\n\t\t\t\t\t<\/div>\n\t\t<\/section>\n\t\t\t\t<\/div>\n\t\t","protected":false},"excerpt":{"rendered":"<p>Versand bei 123-Kaminofen Auf die H\u00f6he der Versandkosten weisen wir im Warenkorb f\u00fcr das jeweilige Produkt separat aus. Grunds\u00e4tzlich fallen<\/p>\n","protected":false},"author":1,"featured_media":0,"parent":0,"menu_order":0,"comment_status":"closed","ping_status":"closed","template":"","meta":{"footnotes":""},"class_list":["post-11","page","type-page","status-publish","hentry"],"yoast_head":"<!-- This site is optimized with the Yoast SEO plugin v26.8 - https:\/\/yoast.com\/product\/yoast-seo-wordpress\/ -->\n<title>Versandinformationen | 123-Kaminofen<\/title>\n<meta name=\"description\" content=\"Versandinformationen. Lesen Sie alles dar\u00fcber auf 123-Kaminofen.de. Ihr Experte f\u00fcr Nachhaltigkeit!\" \/>\n<meta name=\"robots\" content=\"noindex, follow\" \/>\n<meta property=\"og:locale\" content=\"de_DE\" \/>\n<meta property=\"og:type\" content=\"article\" \/>\n<meta property=\"og:title\" content=\"Versandinformationen | 123-Kaminofen\" \/>\n<meta property=\"og:description\" content=\"Versandinformationen. Lesen Sie alles dar\u00fcber auf 123-Kaminofen.de. Ihr Experte f\u00fcr Nachhaltigkeit!\" \/>\n<meta property=\"og:url\" content=\"https:\/\/www.123-kaminofen.de\/deutsch\/versandinformationen\/\" \/>\n<meta property=\"og:site_name\" content=\"123-Kaminofen\" \/>\n<meta property=\"article:publisher\" content=\"https:\/\/www.facebook.com\/123kaminofen\" \/>\n<meta property=\"article:modified_time\" content=\"2024-06-04T06:38:13+00:00\" \/>\n<meta name=\"twitter:card\" content=\"summary_large_image\" \/>\n<meta name=\"twitter:label1\" content=\"Gesch\u00e4tzte Lesezeit\" \/>\n\t<meta name=\"twitter:data1\" content=\"2\u00a0Minuten\" \/>\n<script type=\"application\/ld+json\" class=\"yoast-schema-graph\">{\"@context\":\"https:\/\/schema.org\",\"@graph\":[{\"@type\":\"WebPage\",\"@id\":\"https:\/\/www.123-kaminofen.de\/deutsch\/versandinformationen\/\",\"url\":\"https:\/\/www.123-kaminofen.de\/deutsch\/versandinformationen\/\",\"name\":\"Versandinformationen | 123-Kaminofen\",\"isPartOf\":{\"@id\":\"https:\/\/www.123-kaminofen.de\/deutsch\/#website\"},\"datePublished\":\"2023-09-28T07:39:29+00:00\",\"dateModified\":\"2024-06-04T06:38:13+00:00\",\"description\":\"Versandinformationen. Lesen Sie alles dar\u00fcber auf 123-Kaminofen.de. Ihr Experte f\u00fcr Nachhaltigkeit!\",\"breadcrumb\":{\"@id\":\"https:\/\/www.123-kaminofen.de\/deutsch\/versandinformationen\/#breadcrumb\"},\"inLanguage\":\"de\",\"potentialAction\":[{\"@type\":\"ReadAction\",\"target\":[\"https:\/\/www.123-kaminofen.de\/deutsch\/versandinformationen\/\"]}]},{\"@type\":\"BreadcrumbList\",\"@id\":\"https:\/\/www.123-kaminofen.de\/deutsch\/versandinformationen\/#breadcrumb\",\"itemListElement\":[{\"@type\":\"ListItem\",\"position\":1,\"name\":\"Home\",\"item\":\"https:\/\/www.123-kaminofen.de\/deutsch\/\"},{\"@type\":\"ListItem\",\"position\":2,\"name\":\"Versandinformationen\"}]},{\"@type\":\"WebSite\",\"@id\":\"https:\/\/www.123-kaminofen.de\/deutsch\/#website\",\"url\":\"https:\/\/www.123-kaminofen.de\/deutsch\/\",\"name\":\"123-Kaminofen\",\"description\":\"\",\"publisher\":{\"@id\":\"https:\/\/www.123-kaminofen.de\/deutsch\/#organization\"},\"potentialAction\":[{\"@type\":\"SearchAction\",\"target\":{\"@type\":\"EntryPoint\",\"urlTemplate\":\"https:\/\/www.123-kaminofen.de\/deutsch\/?s={search_term_string}\"},\"query-input\":{\"@type\":\"PropertyValueSpecification\",\"valueRequired\":true,\"valueName\":\"search_term_string\"}}],\"inLanguage\":\"de\"},{\"@type\":\"Organization\",\"@id\":\"https:\/\/www.123-kaminofen.de\/deutsch\/#organization\",\"name\":\"Handelsbetrieb Bakker\",\"alternateName\":\"123-Kaminofen\",\"url\":\"https:\/\/www.123-kaminofen.de\/deutsch\/\",\"logo\":{\"@type\":\"ImageObject\",\"inLanguage\":\"de\",\"@id\":\"https:\/\/www.123-kaminofen.de\/deutsch\/#\/schema\/logo\/image\/\",\"url\":\"https:\/\/www.spectrumsolar.nl\/deutsch\/wp-content\/uploads\/2023\/04\/123-Kaminofen.png\",\"contentUrl\":\"https:\/\/www.spectrumsolar.nl\/deutsch\/wp-content\/uploads\/2023\/04\/123-Kaminofen.png\",\"width\":1447,\"height\":221,\"caption\":\"Handelsbetrieb Bakker\"},\"image\":{\"@id\":\"https:\/\/www.123-kaminofen.de\/deutsch\/#\/schema\/logo\/image\/\"},\"sameAs\":[\"https:\/\/www.facebook.com\/123kaminofen\",\"https:\/\/instagram.com\/123kaminofen\"]}]}<\/script>\n<!-- \/ Yoast SEO plugin. -->","yoast_head_json":{"title":"Versandinformationen | 123-Kaminofen","description":"Versandinformationen. Lesen Sie alles dar\u00fcber auf 123-Kaminofen.de. Ihr Experte f\u00fcr Nachhaltigkeit!","robots":{"index":"noindex","follow":"follow"},"og_locale":"de_DE","og_type":"article","og_title":"Versandinformationen | 123-Kaminofen","og_description":"Versandinformationen. Lesen Sie alles dar\u00fcber auf 123-Kaminofen.de. Ihr Experte f\u00fcr Nachhaltigkeit!","og_url":"https:\/\/www.123-kaminofen.de\/deutsch\/versandinformationen\/","og_site_name":"123-Kaminofen","article_publisher":"https:\/\/www.facebook.com\/123kaminofen","article_modified_time":"2024-06-04T06:38:13+00:00","twitter_card":"summary_large_image","twitter_misc":{"Gesch\u00e4tzte Lesezeit":"2\u00a0Minuten"},"schema":{"@context":"https:\/\/schema.org","@graph":[{"@type":"WebPage","@id":"https:\/\/www.123-kaminofen.de\/deutsch\/versandinformationen\/","url":"https:\/\/www.123-kaminofen.de\/deutsch\/versandinformationen\/","name":"Versandinformationen | 123-Kaminofen","isPartOf":{"@id":"https:\/\/www.123-kaminofen.de\/deutsch\/#website"},"datePublished":"2023-09-28T07:39:29+00:00","dateModified":"2024-06-04T06:38:13+00:00","description":"Versandinformationen. Lesen Sie alles dar\u00fcber auf 123-Kaminofen.de. Ihr Experte f\u00fcr Nachhaltigkeit!","breadcrumb":{"@id":"https:\/\/www.123-kaminofen.de\/deutsch\/versandinformationen\/#breadcrumb"},"inLanguage":"de","potentialAction":[{"@type":"ReadAction","target":["https:\/\/www.123-kaminofen.de\/deutsch\/versandinformationen\/"]}]},{"@type":"BreadcrumbList","@id":"https:\/\/www.123-kaminofen.de\/deutsch\/versandinformationen\/#breadcrumb","itemListElement":[{"@type":"ListItem","position":1,"name":"Home","item":"https:\/\/www.123-kaminofen.de\/deutsch\/"},{"@type":"ListItem","position":2,"name":"Versandinformationen"}]},{"@type":"WebSite","@id":"https:\/\/www.123-kaminofen.de\/deutsch\/#website","url":"https:\/\/www.123-kaminofen.de\/deutsch\/","name":"123-Kaminofen","description":"","publisher":{"@id":"https:\/\/www.123-kaminofen.de\/deutsch\/#organization"},"potentialAction":[{"@type":"SearchAction","target":{"@type":"EntryPoint","urlTemplate":"https:\/\/www.123-kaminofen.de\/deutsch\/?s={search_term_string}"},"query-input":{"@type":"PropertyValueSpecification","valueRequired":true,"valueName":"search_term_string"}}],"inLanguage":"de"},{"@type":"Organization","@id":"https:\/\/www.123-kaminofen.de\/deutsch\/#organization","name":"Handelsbetrieb Bakker","alternateName":"123-Kaminofen","url":"https:\/\/www.123-kaminofen.de\/deutsch\/","logo":{"@type":"ImageObject","inLanguage":"de","@id":"https:\/\/www.123-kaminofen.de\/deutsch\/#\/schema\/logo\/image\/","url":"https:\/\/www.spectrumsolar.nl\/deutsch\/wp-content\/uploads\/2023\/04\/123-Kaminofen.png","contentUrl":"https:\/\/www.spectrumsolar.nl\/deutsch\/wp-content\/uploads\/2023\/04\/123-Kaminofen.png","width":1447,"height":221,"caption":"Handelsbetrieb Bakker"},"image":{"@id":"https:\/\/www.123-kaminofen.de\/deutsch\/#\/schema\/logo\/image\/"},"sameAs":["https:\/\/www.facebook.com\/123kaminofen","https:\/\/instagram.com\/123kaminofen"]}]}},"_links":{"self":[{"href":"https:\/\/www.123-kaminofen.de\/deutsch\/wp-json\/wp\/v2\/pages\/11","targetHints":{"allow":["GET"]}}],"collection":[{"href":"https:\/\/www.123-kaminofen.de\/deutsch\/wp-json\/wp\/v2\/pages"}],"about":[{"href":"https:\/\/www.123-kaminofen.de\/deutsch\/wp-json\/wp\/v2\/types\/page"}],"author":[{"embeddable":true,"href":"https:\/\/www.123-kaminofen.de\/deutsch\/wp-json\/wp\/v2\/users\/1"}],"replies":[{"embeddable":true,"href":"https:\/\/www.123-kaminofen.de\/deutsch\/wp-json\/wp\/v2\/comments?post=11"}],"version-history":[{"count":4,"href":"https:\/\/www.123-kaminofen.de\/deutsch\/wp-json\/wp\/v2\/pages\/11\/revisions"}],"predecessor-version":[{"id":27173,"href":"https:\/\/www.123-kaminofen.de\/deutsch\/wp-json\/wp\/v2\/pages\/11\/revisions\/27173"}],"wp:attachment":[{"href":"https:\/\/www.123-kaminofen.de\/deutsch\/wp-json\/wp\/v2\/media?parent=11"}],"curies":[{"name":"wp","href":"https:\/\/api.w.org\/{rel}","templated":true}]}}

<div data-elementor-type="wp-page" data-elementor-id="11" class="elementor elementor-11">
						<section class="wd-negative-gap elementor-section elementor-top-section elementor-element elementor-element-ac82484 elementor-section-boxed elementor-section-height-default elementor-section-height-default" data-id="ac82484" data-element_type="section">
						<div class="elementor-container elementor-column-gap-default">
					<div class="elementor-column elementor-col-100 elementor-top-column elementor-element elementor-element-a72d522" data-id="a72d522" data-element_type="column">
			<div class="elementor-widget-wrap elementor-element-populated">
						<div class="elementor-element elementor-element-a24485b wd-width-100 elementor-widget elementor-widget-wd_title" data-id="a24485b" data-element_type="widget" data-widget_type="wd_title.default">
				<div class="elementor-widget-container">
							<div class="title-wrapper wd-set-mb reset-last-child wd-title-color-default wd-title-style-default wd-title-size-default text-left">

			
			<div class="liner-continer">
				<h4 class="woodmart-title-container title wd-fontsize-l">Versand bei 123-Kaminofen</h4> 
							</div>

							<div class="title-after_title reset-last-child wd-fontsize-xs">
					<p>Auf die Höhe der Versandkosten weisen wir im Warenkorb für das jeweilige Produkt separat aus. Grundsätzlich fallen nur einmal Versandkosten an, egal wie viel Sie bestellen.</p><p><strong>Vorgehensweise:</strong></p><p>Legen Sie sich die gewünschten Artikel in den Warenkorb. Am Ende Ihrer Bestellung werden Ihnen die Versandkosten angezeigt, oder Sie nutzen unsere Versandkostenermittlung im Warenkorb.</p><p>Der Gesamtpreis für die bestellten Waren und alle zusätzlich anfallenden Kosten, wie z. B. Nachnahmegebühren (wenn gewählt), werden Ihnen vor Abschluss der Bestellung nochmals angezeigt. Für Rückfragen steht Ihnen unser Kundenservice gern zur Verfügung.</p><p><strong>Wichtige Informationen zur Lieferung: </strong></p><p>Die Lieferung von Speditionsversandgütern erfolgt, soweit nicht anders in Textform vereinbart, immer frei Bordsteinkante.</p><p>Wir versenden ausschließlich versichert. Die gesetzlichen Regelungen zum Versandrisiko bleiben hiervon unberührt. </p><p>Bitte kontrollieren Sie die Ware beim Empfang auf Transportschäden und lassen Sie sich diese direkt vom Zusteller / Spediteur quittieren. Sollten Sie beim Auspacken der Ware einen verdeckten Transportschaden feststellen, der bei der Übergabe der Ware nicht erkennbar war, so dokumentieren Sie diesen bitte und informieren Sie uns bitte umgehend. Wir haben sonst keine Möglichkeit, bei den Versandunternehmen Schadenersatzforderungen geltend zu machen. Gesetzliche Gewährleistungsansprüche bleiben hiervon unberührt.</p><p><strong>Unsere Logistikpartner:</strong></p><p>Im Paketversand arbeiten wir mit dem verlässlichem Partner DHL. </p><p>Bei unseren Speditionsgütern setzten wir auf unseren langjährigen Partner, die Georg Boll Spedition. </p>				</div>
					</div>
						</div>
				</div>
					</div>
		</div>
					</div>
		</section>
				</div>

<p>Versand bei 123-Kaminofen Auf die Höhe der Versandkosten weisen wir im Warenkorb für das jeweilige Produkt separat aus. Grundsätzlich fallen</p>

<!-- This site is optimized with the Yoast SEO plugin v26.8 - https://yoast.com/product/yoast-seo-wordpress/ -->
<title>Versandinformationen | 123-Kaminofen</title>
<meta name="description" content="Versandinformationen. Lesen Sie alles darüber auf 123-Kaminofen.de. Ihr Experte für Nachhaltigkeit!" />
<meta name="robots" content="noindex, follow" />
<meta property="og:locale" content="de_DE" />
<meta property="og:type" content="article" />
<meta property="og:title" content="Versandinformationen | 123-Kaminofen" />
<meta property="og:description" content="Versandinformationen. Lesen Sie alles darüber auf 123-Kaminofen.de. Ihr Experte für Nachhaltigkeit!" />
<meta property="og:url" content="https://www.123-kaminofen.de/deutsch/versandinformationen/" />
<meta property="og:site_name" content="123-Kaminofen" />
<meta property="article:publisher" content="https://www.facebook.com/123kaminofen" />
<meta property="article:modified_time" content="2024-06-04T06:38:13+00:00" />
<meta name="twitter:card" content="summary_large_image" />
<meta name="twitter:label1" content="Geschätzte Lesezeit" />
	<meta name="twitter:data1" content="2 Minuten" />
<script type="application/ld+json" class="yoast-schema-graph">{"@context":"https://schema.org","@graph":[{"@type":"WebPage","@id":"https://www.123-kaminofen.de/deutsch/versandinformationen/","url":"https://www.123-kaminofen.de/deutsch/versandinformationen/","name":"Versandinformationen | 123-Kaminofen","isPartOf":{"@id":"https://www.123-kaminofen.de/deutsch/#website"},"datePublished":"2023-09-28T07:39:29+00:00","dateModified":"2024-06-04T06:38:13+00:00","description":"Versandinformationen. Lesen Sie alles darüber auf 123-Kaminofen.de. Ihr Experte für Nachhaltigkeit!","breadcrumb":{"@id":"https://www.123-kaminofen.de/deutsch/versandinformationen/#breadcrumb"},"inLanguage":"de","potentialAction":[{"@type":"ReadAction","target":["https://www.123-kaminofen.de/deutsch/versandinformationen/"]}]},{"@type":"BreadcrumbList","@id":"https://www.123-kaminofen.de/deutsch/versandinformationen/#breadcrumb","itemListElement":[{"@type":"ListItem","position":1,"name":"Home","item":"https://www.123-kaminofen.de/deutsch/"},{"@type":"ListItem","position":2,"name":"Versandinformationen"}]},{"@type":"WebSite","@id":"https://www.123-kaminofen.de/deutsch/#website","url":"https://www.123-kaminofen.de/deutsch/","name":"123-Kaminofen","description":"","publisher":{"@id":"https://www.123-kaminofen.de/deutsch/#organization"},"potentialAction":[{"@type":"SearchAction","target":{"@type":"EntryPoint","urlTemplate":"https://www.123-kaminofen.de/deutsch/?s={search_term_string}"},"query-input":{"@type":"PropertyValueSpecification","valueRequired":true,"valueName":"search_term_string"}}],"inLanguage":"de"},{"@type":"Organization","@id":"https://www.123-kaminofen.de/deutsch/#organization","name":"Handelsbetrieb Bakker","alternateName":"123-Kaminofen","url":"https://www.123-kaminofen.de/deutsch/","logo":{"@type":"ImageObject","inLanguage":"de","@id":"https://www.123-kaminofen.de/deutsch/#/schema/logo/image/","url":"https://www.spectrumsolar.nl/deutsch/wp-content/uploads/2023/04/123-Kaminofen.png","contentUrl":"https://www.spectrumsolar.nl/deutsch/wp-content/uploads/2023/04/123-Kaminofen.png","width":1447,"height":221,"caption":"Handelsbetrieb Bakker"},"image":{"@id":"https://www.123-kaminofen.de/deutsch/#/schema/logo/image/"},"sameAs":["https://www.facebook.com/123kaminofen","https://instagram.com/123kaminofen"]}]}</script>
<!-- / Yoast SEO plugin. -->

Versandinformationen. Lesen Sie alles darüber auf 123-Kaminofen.de. Ihr Experte für Nachhaltigkeit!
