{"id":12827,"date":"2023-06-20T11:08:33","date_gmt":"2023-06-20T09:08:33","guid":{"rendered":"http:\/\/spectrumsolar.nl\/product\/termatech-tt80rls\/"},"modified":"2025-02-07T08:36:35","modified_gmt":"2025-02-07T07:36:35","slug":"termatech-tt80rls","status":"publish","type":"product","link":"https:\/\/www.123-kaminofen.de\/deutsch\/produkt\/termatech-tt80rls\/","title":{"rendered":"TermaTech TT80RLS"},"content":{"rendered":"<h2>TermaTech TT80RLS<\/h2>\n<p>Der 5,5 kW Kaminofen TT80RLS von TermaTech \u00fcberzeugt durch seine besonders breite Brennkammer, die f\u00fcr Holzscheite bis zu 38 cm L\u00e4nge geeignet ist. Das elegante schwarze Stahldesign wird durch eine hochwertige Seitenverkleidung aus Speckstein erg\u00e4nzt. Diese verleiht dem Ofen einen rustikalen Touch und sorgt noch dazu f\u00fcr eine langanhaltende W\u00e4rmespeicherung sowie -abgabe.<\/p>\n","protected":false},"excerpt":{"rendered":"<p><img decoding=\"async\" class=\"alignnone size-full wp-image-20521\" src=\"http:\/\/spectrumsolar.nl\/wp-content\/uploads\/2023\/05\/Energielabels_0001_Laag-5.png\" alt=\"\" width=\"83\" height=\"36\" \/><\/p>\n","protected":false},"featured_media":12821,"template":"","meta":[],"product_brand":[],"product_cat":[101],"product_tag":[],"class_list":{"0":"post-12827","1":"product","2":"type-product","3":"status-publish","4":"has-post-thumbnail","6":"product_cat-holzofen","7":"product_shipping_class-dgo-transporteur","8":"pa_anschluss-des-ofens-oben-und-hinten","9":"pa_breite-629-mm","10":"pa_extras-kachels-mit-kaminbesteck-im-tuer","11":"pa_extras-kachels-nein-ohne","12":"pa_feuer-ansicht-font","13":"pa_gewicht-170-kg","14":"pa_hoehe-1005-mm","15":"pa_marke-termatech","16":"pa_nennleistung-55-kw","17":"pa_rauchrohranschluss-150-mm","18":"pa_tiefe-372-mm","19":"pa_typ-des-ofens-freistehend","20":"pa_verkleidung-speckstein","21":"pa_wirkungsgrad-434","23":"first","24":"instock","25":"sale","26":"featured","27":"taxable","28":"shipping-taxable","29":"purchasable","30":"product-type-simple"},"yoast_head":"<!-- This site is optimized with the Yoast SEO plugin v26.8 - https:\/\/yoast.com\/product\/yoast-seo-wordpress\/ -->\n<title>TermaTech TT80RLS | 123-Kaminofen<\/title>\n<meta name=\"description\" content=\"Sie suchen einen TermaTech TT80RLS? Dann werden Sie bei 123-Kaminofen f\u00fcndig. Der Experte f\u00fcr Nachhaltigkeit. Entdecken Sie jetzt unsere Angebote.\" \/>\n<meta name=\"robots\" content=\"index, follow, max-snippet:-1, max-image-preview:large, max-video-preview:-1\" \/>\n<link rel=\"canonical\" href=\"https:\/\/www.123-kaminofen.de\/deutsch\/produkt\/termatech-tt80rls\/\" \/>\n<meta property=\"og:locale\" content=\"de_DE\" \/>\n<meta property=\"og:type\" content=\"article\" \/>\n<meta property=\"og:title\" content=\"TermaTech TT80RLS | 123-Kaminofen\" \/>\n<meta property=\"og:description\" content=\"Sie suchen einen TermaTech TT80RLS? Dann werden Sie bei 123-Kaminofen f\u00fcndig. Der Experte f\u00fcr Nachhaltigkeit. Entdecken Sie jetzt unsere Angebote.\" \/>\n<meta property=\"og:url\" content=\"https:\/\/www.123-kaminofen.de\/deutsch\/produkt\/termatech-tt80rls\/\" \/>\n<meta property=\"og:site_name\" content=\"123-Kaminofen\" \/>\n<meta property=\"article:publisher\" content=\"https:\/\/www.facebook.com\/123kaminofen\" \/>\n<meta property=\"article:modified_time\" content=\"2025-02-07T07:36:35+00:00\" \/>\n<meta property=\"og:image\" content=\"https:\/\/www.123-kaminofen.de\/deutsch\/wp-content\/uploads\/2023\/06\/TT80-reeks_0000_tt80rls-Thumb.jpg\" \/>\n\t<meta property=\"og:image:width\" content=\"800\" \/>\n\t<meta property=\"og:image:height\" content=\"800\" \/>\n\t<meta property=\"og:image:type\" content=\"image\/jpeg\" \/>\n<meta name=\"twitter:card\" content=\"summary_large_image\" \/>\n<meta name=\"twitter:label1\" content=\"Gesch\u00e4tzte Lesezeit\" \/>\n\t<meta name=\"twitter:data1\" content=\"1\u00a0Minute\" \/>\n<script type=\"application\/ld+json\" class=\"yoast-schema-graph\">{\"@context\":\"https:\/\/schema.org\",\"@graph\":[{\"@type\":\"WebPage\",\"@id\":\"https:\/\/www.123-kaminofen.de\/deutsch\/produkt\/termatech-tt80rls\/\",\"url\":\"https:\/\/www.123-kaminofen.de\/deutsch\/produkt\/termatech-tt80rls\/\",\"name\":\"TermaTech TT80RLS | 123-Kaminofen\",\"isPartOf\":{\"@id\":\"https:\/\/www.123-kaminofen.de\/deutsch\/#website\"},\"primaryImageOfPage\":{\"@id\":\"https:\/\/www.123-kaminofen.de\/deutsch\/produkt\/termatech-tt80rls\/#primaryimage\"},\"image\":{\"@id\":\"https:\/\/www.123-kaminofen.de\/deutsch\/produkt\/termatech-tt80rls\/#primaryimage\"},\"thumbnailUrl\":\"https:\/\/www.123-kaminofen.de\/deutsch\/wp-content\/uploads\/2023\/06\/TT80-reeks_0000_tt80rls-Thumb.jpg\",\"datePublished\":\"2023-06-20T09:08:33+00:00\",\"dateModified\":\"2025-02-07T07:36:35+00:00\",\"description\":\"Sie suchen einen TermaTech TT80RLS? Dann werden Sie bei 123-Kaminofen f\u00fcndig. Der Experte f\u00fcr Nachhaltigkeit. Entdecken Sie jetzt unsere Angebote.\",\"breadcrumb\":{\"@id\":\"https:\/\/www.123-kaminofen.de\/deutsch\/produkt\/termatech-tt80rls\/#breadcrumb\"},\"inLanguage\":\"de\",\"potentialAction\":[{\"@type\":\"ReadAction\",\"target\":[\"https:\/\/www.123-kaminofen.de\/deutsch\/produkt\/termatech-tt80rls\/\"]}]},{\"@type\":\"ImageObject\",\"inLanguage\":\"de\",\"@id\":\"https:\/\/www.123-kaminofen.de\/deutsch\/produkt\/termatech-tt80rls\/#primaryimage\",\"url\":\"https:\/\/www.123-kaminofen.de\/deutsch\/wp-content\/uploads\/2023\/06\/TT80-reeks_0000_tt80rls-Thumb.jpg\",\"contentUrl\":\"https:\/\/www.123-kaminofen.de\/deutsch\/wp-content\/uploads\/2023\/06\/TT80-reeks_0000_tt80rls-Thumb.jpg\",\"width\":800,\"height\":800},{\"@type\":\"BreadcrumbList\",\"@id\":\"https:\/\/www.123-kaminofen.de\/deutsch\/produkt\/termatech-tt80rls\/#breadcrumb\",\"itemListElement\":[{\"@type\":\"ListItem\",\"position\":1,\"name\":\"Home\",\"item\":\"https:\/\/www.123-kaminofen.de\/deutsch\/\"},{\"@type\":\"ListItem\",\"position\":2,\"name\":\"Webshop\",\"item\":\"https:\/\/www.123-kaminofen.de\/deutsch\/winkel\/\"},{\"@type\":\"ListItem\",\"position\":3,\"name\":\"TermaTech TT80RLS\"}]},{\"@type\":\"WebSite\",\"@id\":\"https:\/\/www.123-kaminofen.de\/deutsch\/#website\",\"url\":\"https:\/\/www.123-kaminofen.de\/deutsch\/\",\"name\":\"123-Kaminofen\",\"description\":\"\",\"publisher\":{\"@id\":\"https:\/\/www.123-kaminofen.de\/deutsch\/#organization\"},\"potentialAction\":[{\"@type\":\"SearchAction\",\"target\":{\"@type\":\"EntryPoint\",\"urlTemplate\":\"https:\/\/www.123-kaminofen.de\/deutsch\/?s={search_term_string}\"},\"query-input\":{\"@type\":\"PropertyValueSpecification\",\"valueRequired\":true,\"valueName\":\"search_term_string\"}}],\"inLanguage\":\"de\"},{\"@type\":\"Organization\",\"@id\":\"https:\/\/www.123-kaminofen.de\/deutsch\/#organization\",\"name\":\"Handelsbetrieb Bakker\",\"alternateName\":\"123-Kaminofen\",\"url\":\"https:\/\/www.123-kaminofen.de\/deutsch\/\",\"logo\":{\"@type\":\"ImageObject\",\"inLanguage\":\"de\",\"@id\":\"https:\/\/www.123-kaminofen.de\/deutsch\/#\/schema\/logo\/image\/\",\"url\":\"https:\/\/www.spectrumsolar.nl\/deutsch\/wp-content\/uploads\/2023\/04\/123-Kaminofen.png\",\"contentUrl\":\"https:\/\/www.spectrumsolar.nl\/deutsch\/wp-content\/uploads\/2023\/04\/123-Kaminofen.png\",\"width\":1447,\"height\":221,\"caption\":\"Handelsbetrieb Bakker\"},\"image\":{\"@id\":\"https:\/\/www.123-kaminofen.de\/deutsch\/#\/schema\/logo\/image\/\"},\"sameAs\":[\"https:\/\/www.facebook.com\/123kaminofen\",\"https:\/\/instagram.com\/123kaminofen\"]}]}<\/script>\n<!-- \/ Yoast SEO plugin. -->","yoast_head_json":{"title":"TermaTech TT80RLS | 123-Kaminofen","description":"Sie suchen einen TermaTech TT80RLS? Dann werden Sie bei 123-Kaminofen f\u00fcndig. Der Experte f\u00fcr Nachhaltigkeit. Entdecken Sie jetzt unsere Angebote.","robots":{"index":"index","follow":"follow","max-snippet":"max-snippet:-1","max-image-preview":"max-image-preview:large","max-video-preview":"max-video-preview:-1"},"canonical":"https:\/\/www.123-kaminofen.de\/deutsch\/produkt\/termatech-tt80rls\/","og_locale":"de_DE","og_type":"article","og_title":"TermaTech TT80RLS | 123-Kaminofen","og_description":"Sie suchen einen TermaTech TT80RLS? Dann werden Sie bei 123-Kaminofen f\u00fcndig. Der Experte f\u00fcr Nachhaltigkeit. Entdecken Sie jetzt unsere Angebote.","og_url":"https:\/\/www.123-kaminofen.de\/deutsch\/produkt\/termatech-tt80rls\/","og_site_name":"123-Kaminofen","article_publisher":"https:\/\/www.facebook.com\/123kaminofen","article_modified_time":"2025-02-07T07:36:35+00:00","og_image":[{"width":800,"height":800,"url":"https:\/\/www.123-kaminofen.de\/deutsch\/wp-content\/uploads\/2023\/06\/TT80-reeks_0000_tt80rls-Thumb.jpg","type":"image\/jpeg"}],"twitter_card":"summary_large_image","twitter_misc":{"Gesch\u00e4tzte Lesezeit":"1\u00a0Minute"},"schema":{"@context":"https:\/\/schema.org","@graph":[{"@type":"WebPage","@id":"https:\/\/www.123-kaminofen.de\/deutsch\/produkt\/termatech-tt80rls\/","url":"https:\/\/www.123-kaminofen.de\/deutsch\/produkt\/termatech-tt80rls\/","name":"TermaTech TT80RLS | 123-Kaminofen","isPartOf":{"@id":"https:\/\/www.123-kaminofen.de\/deutsch\/#website"},"primaryImageOfPage":{"@id":"https:\/\/www.123-kaminofen.de\/deutsch\/produkt\/termatech-tt80rls\/#primaryimage"},"image":{"@id":"https:\/\/www.123-kaminofen.de\/deutsch\/produkt\/termatech-tt80rls\/#primaryimage"},"thumbnailUrl":"https:\/\/www.123-kaminofen.de\/deutsch\/wp-content\/uploads\/2023\/06\/TT80-reeks_0000_tt80rls-Thumb.jpg","datePublished":"2023-06-20T09:08:33+00:00","dateModified":"2025-02-07T07:36:35+00:00","description":"Sie suchen einen TermaTech TT80RLS? Dann werden Sie bei 123-Kaminofen f\u00fcndig. Der Experte f\u00fcr Nachhaltigkeit. Entdecken Sie jetzt unsere Angebote.","breadcrumb":{"@id":"https:\/\/www.123-kaminofen.de\/deutsch\/produkt\/termatech-tt80rls\/#breadcrumb"},"inLanguage":"de","potentialAction":[{"@type":"ReadAction","target":["https:\/\/www.123-kaminofen.de\/deutsch\/produkt\/termatech-tt80rls\/"]}]},{"@type":"ImageObject","inLanguage":"de","@id":"https:\/\/www.123-kaminofen.de\/deutsch\/produkt\/termatech-tt80rls\/#primaryimage","url":"https:\/\/www.123-kaminofen.de\/deutsch\/wp-content\/uploads\/2023\/06\/TT80-reeks_0000_tt80rls-Thumb.jpg","contentUrl":"https:\/\/www.123-kaminofen.de\/deutsch\/wp-content\/uploads\/2023\/06\/TT80-reeks_0000_tt80rls-Thumb.jpg","width":800,"height":800},{"@type":"BreadcrumbList","@id":"https:\/\/www.123-kaminofen.de\/deutsch\/produkt\/termatech-tt80rls\/#breadcrumb","itemListElement":[{"@type":"ListItem","position":1,"name":"Home","item":"https:\/\/www.123-kaminofen.de\/deutsch\/"},{"@type":"ListItem","position":2,"name":"Webshop","item":"https:\/\/www.123-kaminofen.de\/deutsch\/winkel\/"},{"@type":"ListItem","position":3,"name":"TermaTech TT80RLS"}]},{"@type":"WebSite","@id":"https:\/\/www.123-kaminofen.de\/deutsch\/#website","url":"https:\/\/www.123-kaminofen.de\/deutsch\/","name":"123-Kaminofen","description":"","publisher":{"@id":"https:\/\/www.123-kaminofen.de\/deutsch\/#organization"},"potentialAction":[{"@type":"SearchAction","target":{"@type":"EntryPoint","urlTemplate":"https:\/\/www.123-kaminofen.de\/deutsch\/?s={search_term_string}"},"query-input":{"@type":"PropertyValueSpecification","valueRequired":true,"valueName":"search_term_string"}}],"inLanguage":"de"},{"@type":"Organization","@id":"https:\/\/www.123-kaminofen.de\/deutsch\/#organization","name":"Handelsbetrieb Bakker","alternateName":"123-Kaminofen","url":"https:\/\/www.123-kaminofen.de\/deutsch\/","logo":{"@type":"ImageObject","inLanguage":"de","@id":"https:\/\/www.123-kaminofen.de\/deutsch\/#\/schema\/logo\/image\/","url":"https:\/\/www.spectrumsolar.nl\/deutsch\/wp-content\/uploads\/2023\/04\/123-Kaminofen.png","contentUrl":"https:\/\/www.spectrumsolar.nl\/deutsch\/wp-content\/uploads\/2023\/04\/123-Kaminofen.png","width":1447,"height":221,"caption":"Handelsbetrieb Bakker"},"image":{"@id":"https:\/\/www.123-kaminofen.de\/deutsch\/#\/schema\/logo\/image\/"},"sameAs":["https:\/\/www.facebook.com\/123kaminofen","https:\/\/instagram.com\/123kaminofen"]}]}},"_links":{"self":[{"href":"https:\/\/www.123-kaminofen.de\/deutsch\/wp-json\/wp\/v2\/product\/12827","targetHints":{"allow":["GET"]}}],"collection":[{"href":"https:\/\/www.123-kaminofen.de\/deutsch\/wp-json\/wp\/v2\/product"}],"about":[{"href":"https:\/\/www.123-kaminofen.de\/deutsch\/wp-json\/wp\/v2\/types\/product"}],"version-history":[{"count":2,"href":"https:\/\/www.123-kaminofen.de\/deutsch\/wp-json\/wp\/v2\/product\/12827\/revisions"}],"predecessor-version":[{"id":28005,"href":"https:\/\/www.123-kaminofen.de\/deutsch\/wp-json\/wp\/v2\/product\/12827\/revisions\/28005"}],"wp:featuredmedia":[{"embeddable":true,"href":"https:\/\/www.123-kaminofen.de\/deutsch\/wp-json\/wp\/v2\/media\/12821"}],"wp:attachment":[{"href":"https:\/\/www.123-kaminofen.de\/deutsch\/wp-json\/wp\/v2\/media?parent=12827"}],"wp:term":[{"taxonomy":"product_brand","embeddable":true,"href":"https:\/\/www.123-kaminofen.de\/deutsch\/wp-json\/wp\/v2\/product_brand?post=12827"},{"taxonomy":"product_cat","embeddable":true,"href":"https:\/\/www.123-kaminofen.de\/deutsch\/wp-json\/wp\/v2\/product_cat?post=12827"},{"taxonomy":"product_tag","embeddable":true,"href":"https:\/\/www.123-kaminofen.de\/deutsch\/wp-json\/wp\/v2\/product_tag?post=12827"}],"curies":[{"name":"wp","href":"https:\/\/api.w.org\/{rel}","templated":true}]}}

<h2>TermaTech TT80RLS</h2>
<p>Der 5,5 kW Kaminofen TT80RLS von TermaTech überzeugt durch seine besonders breite Brennkammer, die für Holzscheite bis zu 38 cm Länge geeignet ist. Das elegante schwarze Stahldesign wird durch eine hochwertige Seitenverkleidung aus Speckstein ergänzt. Diese verleiht dem Ofen einen rustikalen Touch und sorgt noch dazu für eine langanhaltende Wärmespeicherung sowie -abgabe.</p>

<!-- This site is optimized with the Yoast SEO plugin v26.8 - https://yoast.com/product/yoast-seo-wordpress/ -->
<title>TermaTech TT80RLS | 123-Kaminofen</title>
<meta name="description" content="Sie suchen einen TermaTech TT80RLS? Dann werden Sie bei 123-Kaminofen fündig. Der Experte für Nachhaltigkeit. Entdecken Sie jetzt unsere Angebote." />
<meta name="robots" content="index, follow, max-snippet:-1, max-image-preview:large, max-video-preview:-1" />
<link rel="canonical" href="https://www.123-kaminofen.de/deutsch/produkt/termatech-tt80rls/" />
<meta property="og:locale" content="de_DE" />
<meta property="og:type" content="article" />
<meta property="og:title" content="TermaTech TT80RLS | 123-Kaminofen" />
<meta property="og:description" content="Sie suchen einen TermaTech TT80RLS? Dann werden Sie bei 123-Kaminofen fündig. Der Experte für Nachhaltigkeit. Entdecken Sie jetzt unsere Angebote." />
<meta property="og:url" content="https://www.123-kaminofen.de/deutsch/produkt/termatech-tt80rls/" />
<meta property="og:site_name" content="123-Kaminofen" />
<meta property="article:publisher" content="https://www.facebook.com/123kaminofen" />
<meta property="article:modified_time" content="2025-02-07T07:36:35+00:00" />
<meta property="og:image" content="https://www.123-kaminofen.de/deutsch/wp-content/uploads/2023/06/TT80-reeks_0000_tt80rls-Thumb.jpg" />
	<meta property="og:image:width" content="800" />
	<meta property="og:image:height" content="800" />
	<meta property="og:image:type" content="image/jpeg" />
<meta name="twitter:card" content="summary_large_image" />
<meta name="twitter:label1" content="Geschätzte Lesezeit" />
	<meta name="twitter:data1" content="1 Minute" />
<script type="application/ld+json" class="yoast-schema-graph">{"@context":"https://schema.org","@graph":[{"@type":"WebPage","@id":"https://www.123-kaminofen.de/deutsch/produkt/termatech-tt80rls/","url":"https://www.123-kaminofen.de/deutsch/produkt/termatech-tt80rls/","name":"TermaTech TT80RLS | 123-Kaminofen","isPartOf":{"@id":"https://www.123-kaminofen.de/deutsch/#website"},"primaryImageOfPage":{"@id":"https://www.123-kaminofen.de/deutsch/produkt/termatech-tt80rls/#primaryimage"},"image":{"@id":"https://www.123-kaminofen.de/deutsch/produkt/termatech-tt80rls/#primaryimage"},"thumbnailUrl":"https://www.123-kaminofen.de/deutsch/wp-content/uploads/2023/06/TT80-reeks_0000_tt80rls-Thumb.jpg","datePublished":"2023-06-20T09:08:33+00:00","dateModified":"2025-02-07T07:36:35+00:00","description":"Sie suchen einen TermaTech TT80RLS? Dann werden Sie bei 123-Kaminofen fündig. Der Experte für Nachhaltigkeit. Entdecken Sie jetzt unsere Angebote.","breadcrumb":{"@id":"https://www.123-kaminofen.de/deutsch/produkt/termatech-tt80rls/#breadcrumb"},"inLanguage":"de","potentialAction":[{"@type":"ReadAction","target":["https://www.123-kaminofen.de/deutsch/produkt/termatech-tt80rls/"]}]},{"@type":"ImageObject","inLanguage":"de","@id":"https://www.123-kaminofen.de/deutsch/produkt/termatech-tt80rls/#primaryimage","url":"https://www.123-kaminofen.de/deutsch/wp-content/uploads/2023/06/TT80-reeks_0000_tt80rls-Thumb.jpg","contentUrl":"https://www.123-kaminofen.de/deutsch/wp-content/uploads/2023/06/TT80-reeks_0000_tt80rls-Thumb.jpg","width":800,"height":800},{"@type":"BreadcrumbList","@id":"https://www.123-kaminofen.de/deutsch/produkt/termatech-tt80rls/#breadcrumb","itemListElement":[{"@type":"ListItem","position":1,"name":"Home","item":"https://www.123-kaminofen.de/deutsch/"},{"@type":"ListItem","position":2,"name":"Webshop","item":"https://www.123-kaminofen.de/deutsch/winkel/"},{"@type":"ListItem","position":3,"name":"TermaTech TT80RLS"}]},{"@type":"WebSite","@id":"https://www.123-kaminofen.de/deutsch/#website","url":"https://www.123-kaminofen.de/deutsch/","name":"123-Kaminofen","description":"","publisher":{"@id":"https://www.123-kaminofen.de/deutsch/#organization"},"potentialAction":[{"@type":"SearchAction","target":{"@type":"EntryPoint","urlTemplate":"https://www.123-kaminofen.de/deutsch/?s={search_term_string}"},"query-input":{"@type":"PropertyValueSpecification","valueRequired":true,"valueName":"search_term_string"}}],"inLanguage":"de"},{"@type":"Organization","@id":"https://www.123-kaminofen.de/deutsch/#organization","name":"Handelsbetrieb Bakker","alternateName":"123-Kaminofen","url":"https://www.123-kaminofen.de/deutsch/","logo":{"@type":"ImageObject","inLanguage":"de","@id":"https://www.123-kaminofen.de/deutsch/#/schema/logo/image/","url":"https://www.spectrumsolar.nl/deutsch/wp-content/uploads/2023/04/123-Kaminofen.png","contentUrl":"https://www.spectrumsolar.nl/deutsch/wp-content/uploads/2023/04/123-Kaminofen.png","width":1447,"height":221,"caption":"Handelsbetrieb Bakker"},"image":{"@id":"https://www.123-kaminofen.de/deutsch/#/schema/logo/image/"},"sameAs":["https://www.facebook.com/123kaminofen","https://instagram.com/123kaminofen"]}]}</script>
<!-- / Yoast SEO plugin. -->

Sie suchen einen TermaTech TT80RLS? Dann werden Sie bei 123-Kaminofen fündig. Der Experte für Nachhaltigkeit. Entdecken Sie jetzt unsere Angebote.
