{"id":14280,"date":"2023-07-07T11:52:40","date_gmt":"2023-07-07T09:52:40","guid":{"rendered":"http:\/\/spectrumsolar.nl\/product\/justus-meva-speksteen-top\/"},"modified":"2025-02-06T12:07:49","modified_gmt":"2025-02-06T11:07:49","slug":"justus-meva-speckstein-top","status":"publish","type":"product","link":"https:\/\/www.123-kaminofen.de\/deutsch\/produkt\/justus-meva-speckstein-top\/","title":{"rendered":"Justus Meva Speckstein Top"},"content":{"rendered":"<h2>Justus Meva 5,5 KW mit Korpus aus Stahl, schwarz, Abedeckplatte aus speckstein<\/h2>\n<p>Entdecken Sie mit dem Kaminofen Meva eine harmonische Kombination aus subtiler Eleganz und modernem Design, die Ihr Zuhause in eine gem\u00fctliche und stilvolle Wohlf\u00fchloase verwandelt. Mit seinem zeitlosen Aussehen und den praktischen Merkmalen ist der Kaminofen Meva die perfekte Erg\u00e4nzung f\u00fcr jeden Wohnraum.<\/p>\n<p>DETAILS:<\/p>\n<ul>\n<li>24-h-Dauerbetrieb m\u00f6glich<\/li>\n<li>Justus Snap-Lock-System<\/li>\n<li>externe Verbrennungsluftzufuhr<\/li>\n<li>Scheibensp\u00fclung<\/li>\n<li>Dreifach-Luftsystem<\/li>\n<li>luftdurchstr\u00f6mter Griff<\/li>\n<li>f\u00fcr Holzscheite bis 30 cm<\/li>\n<li>massive Gusst\u00fcr<\/li>\n<li>profilierte Feuerraumauskleidung<\/li>\n<\/ul>\n<p>Der Justus Meva ist eine harmonische Kombination aus subtiler Eleganz und modernem Design. Die w\u00e4hlbare Abdeckplatte verleiht diesem Ofen zeitlose Sch\u00f6nheit und wird sicherlich alle Blicke auf sich ziehen. Der hohe Standfu\u00df, der den Korpus aus schwarzem Stahl tr\u00e4gt, schafft eine Atmosph\u00e4re, die sowohl modern als auch angenehm ist.<\/p>\n<p>Genie\u00dfen Sie die Freiheit, den Ofen Meva mit seiner Leistung von 5,5 kW zeitlich unbegrenzt zu betreiben. Diese Funktion ist nicht nur ein Beweis f\u00fcr seine Qualit\u00e4t, sondern auch f\u00fcr seine Umweltfreundlichkeit. Die Feuerraumt\u00fcr schlie\u00dft mit einem leisen Schnappen, wenn der Verschlussriegel durch Federkraft einrastet, und h\u00e4lt die T\u00fcr sicher verschlossen, bis sie durch Ziehen am XXL-Griff wieder ge\u00f6ffnet wird.<\/p>\n<ul>\n<li>24h Dauerbetrieb<br \/>\nDieser Ofen kann zeitlich unbegrenzt betrieben werden. Dies ist auch ein Merkmal f\u00fcr seine Qualit\u00e4t und Umweltfreundlichkeit<\/li>\n<li>Snap-Lock-System<br \/>\neim Schlie\u00dfen der Feuerraumt\u00fcr schnappt ein Verschlussriegel mittels Federkraft zu und h\u00e4lt die T\u00fcr sicher verschlossen, bis sie wieder durch Ziehen am XXL-Griff ge\u00f6ffnet wird.<\/li>\n<\/ul>\n<p>Scheibensp\u00fclung<br \/>\nUm eine saubere Scheibe zu gew\u00e4hrleisten, wird ein gezielter Luftstrom an der Scheibeninnenseite entlanggef\u00fchrt. Somit wird das Kondensieren und Ablagern von Rauchgasen verhindert.<\/p>\n<p>Dreifach-Luftsystem<br \/>\nDieses System sorgt f\u00fcr eine optimal dosierte Verbrennungsluft, damit eine besonders saubere und effiziente Verbrennung gew\u00e4hrleistet wird.<\/p>\n<p>Luftdurchstr\u00f6mter Griff<br \/>\nDank der Luftzirkulation im ergonomisch geformten R\u00f6hrengriff wird die Temperatur w\u00e4hrend des Betriebs an der Oberfl\u00e4che weitestgehend gesenkt.<\/p>\n<p>&nbsp;<\/p>\n","protected":false},"excerpt":{"rendered":"<p><img decoding=\"async\" class=\"alignnone size-full wp-image-20521\" src=\"http:\/\/spectrumsolar.nl\/wp-content\/uploads\/2023\/05\/Energielabels_0000_Laag-6.png\" alt=\"\" width=\"83\" height=\"36\" \/><\/p>\n","protected":false},"featured_media":14254,"template":"","meta":[],"product_brand":[],"product_cat":[101],"product_tag":[],"class_list":{"0":"post-14280","1":"product","2":"type-product","3":"status-publish","4":"has-post-thumbnail","6":"product_cat-holzofen","7":"product_shipping_class-dgo-transporteur","8":"pa_anschluss-des-ofens-oben","9":"pa_breite-458-mm","10":"pa_externe-luftzufuhr-ja-mit-externem-adapter","11":"pa_externe-luftzufuhr-nein-ohne-adapter","12":"pa_feuer-ansicht-dreiseitig","13":"pa_gewicht-121-kg","14":"pa_hoehe-1140-mm","15":"pa_marke-justus","16":"pa_nennleistung-55-kw","17":"pa_rauchrohranschluss-150-mm","18":"pa_tiefe-458-mm","19":"pa_typ-des-ofens-freistehend","20":"pa_verkleidung-speckstein","21":"pa_verkleidung-stahl","22":"pa_wirkungsgrad-206","24":"first","25":"instock","26":"sale","27":"taxable","28":"shipping-taxable","29":"purchasable","30":"product-type-simple"},"yoast_head":"<!-- This site is optimized with the Yoast SEO plugin v26.8 - https:\/\/yoast.com\/product\/yoast-seo-wordpress\/ -->\n<title>Justus Meva Speckstein Top | 123-Kaminofen<\/title>\n<meta name=\"description\" content=\"Sie suchen einen Justus Meva Speckstein Top? Dann werden Sie bei 123-Kaminofen f\u00fcndig. Der Experte f\u00fcr Nachhaltigkeit. Entdecken Sie jetzt unsere Angebote.\" \/>\n<meta name=\"robots\" content=\"index, follow, max-snippet:-1, max-image-preview:large, max-video-preview:-1\" \/>\n<link rel=\"canonical\" href=\"https:\/\/www.123-kaminofen.de\/deutsch\/produkt\/justus-meva-speckstein-top\/\" \/>\n<meta property=\"og:locale\" content=\"de_DE\" \/>\n<meta property=\"og:type\" content=\"article\" \/>\n<meta property=\"og:title\" content=\"Justus Meva Speckstein Top | 123-Kaminofen\" \/>\n<meta property=\"og:description\" content=\"Sie suchen einen Justus Meva Speckstein Top? Dann werden Sie bei 123-Kaminofen f\u00fcndig. Der Experte f\u00fcr Nachhaltigkeit. Entdecken Sie jetzt unsere Angebote.\" \/>\n<meta property=\"og:url\" content=\"https:\/\/www.123-kaminofen.de\/deutsch\/produkt\/justus-meva-speckstein-top\/\" \/>\n<meta property=\"og:site_name\" content=\"123-Kaminofen\" \/>\n<meta property=\"article:publisher\" content=\"https:\/\/www.facebook.com\/123kaminofen\" \/>\n<meta property=\"article:modified_time\" content=\"2025-02-06T11:07:49+00:00\" \/>\n<meta property=\"og:image\" content=\"https:\/\/www.123-kaminofen.de\/deutsch\/wp-content\/uploads\/2023\/07\/Justus-ofen_0013_Justus-Meva-Speksteen-Top.jpg\" \/>\n\t<meta property=\"og:image:width\" content=\"800\" \/>\n\t<meta property=\"og:image:height\" content=\"800\" \/>\n\t<meta property=\"og:image:type\" content=\"image\/jpeg\" \/>\n<meta name=\"twitter:card\" content=\"summary_large_image\" \/>\n<meta name=\"twitter:label1\" content=\"Gesch\u00e4tzte Lesezeit\" \/>\n\t<meta name=\"twitter:data1\" content=\"2\u00a0Minuten\" \/>\n<script type=\"application\/ld+json\" class=\"yoast-schema-graph\">{\"@context\":\"https:\/\/schema.org\",\"@graph\":[{\"@type\":\"WebPage\",\"@id\":\"https:\/\/www.123-kaminofen.de\/deutsch\/produkt\/justus-meva-speckstein-top\/\",\"url\":\"https:\/\/www.123-kaminofen.de\/deutsch\/produkt\/justus-meva-speckstein-top\/\",\"name\":\"Justus Meva Speckstein Top | 123-Kaminofen\",\"isPartOf\":{\"@id\":\"https:\/\/www.123-kaminofen.de\/deutsch\/#website\"},\"primaryImageOfPage\":{\"@id\":\"https:\/\/www.123-kaminofen.de\/deutsch\/produkt\/justus-meva-speckstein-top\/#primaryimage\"},\"image\":{\"@id\":\"https:\/\/www.123-kaminofen.de\/deutsch\/produkt\/justus-meva-speckstein-top\/#primaryimage\"},\"thumbnailUrl\":\"https:\/\/www.123-kaminofen.de\/deutsch\/wp-content\/uploads\/2023\/07\/Justus-ofen_0013_Justus-Meva-Speksteen-Top.jpg\",\"datePublished\":\"2023-07-07T09:52:40+00:00\",\"dateModified\":\"2025-02-06T11:07:49+00:00\",\"description\":\"Sie suchen einen Justus Meva Speckstein Top? Dann werden Sie bei 123-Kaminofen f\u00fcndig. Der Experte f\u00fcr Nachhaltigkeit. Entdecken Sie jetzt unsere Angebote.\",\"breadcrumb\":{\"@id\":\"https:\/\/www.123-kaminofen.de\/deutsch\/produkt\/justus-meva-speckstein-top\/#breadcrumb\"},\"inLanguage\":\"de\",\"potentialAction\":[{\"@type\":\"ReadAction\",\"target\":[\"https:\/\/www.123-kaminofen.de\/deutsch\/produkt\/justus-meva-speckstein-top\/\"]}]},{\"@type\":\"ImageObject\",\"inLanguage\":\"de\",\"@id\":\"https:\/\/www.123-kaminofen.de\/deutsch\/produkt\/justus-meva-speckstein-top\/#primaryimage\",\"url\":\"https:\/\/www.123-kaminofen.de\/deutsch\/wp-content\/uploads\/2023\/07\/Justus-ofen_0013_Justus-Meva-Speksteen-Top.jpg\",\"contentUrl\":\"https:\/\/www.123-kaminofen.de\/deutsch\/wp-content\/uploads\/2023\/07\/Justus-ofen_0013_Justus-Meva-Speksteen-Top.jpg\",\"width\":800,\"height\":800},{\"@type\":\"BreadcrumbList\",\"@id\":\"https:\/\/www.123-kaminofen.de\/deutsch\/produkt\/justus-meva-speckstein-top\/#breadcrumb\",\"itemListElement\":[{\"@type\":\"ListItem\",\"position\":1,\"name\":\"Home\",\"item\":\"https:\/\/www.123-kaminofen.de\/deutsch\/\"},{\"@type\":\"ListItem\",\"position\":2,\"name\":\"Webshop\",\"item\":\"https:\/\/www.123-kaminofen.de\/deutsch\/winkel\/\"},{\"@type\":\"ListItem\",\"position\":3,\"name\":\"Justus Meva Speckstein Top\"}]},{\"@type\":\"WebSite\",\"@id\":\"https:\/\/www.123-kaminofen.de\/deutsch\/#website\",\"url\":\"https:\/\/www.123-kaminofen.de\/deutsch\/\",\"name\":\"123-Kaminofen\",\"description\":\"\",\"publisher\":{\"@id\":\"https:\/\/www.123-kaminofen.de\/deutsch\/#organization\"},\"potentialAction\":[{\"@type\":\"SearchAction\",\"target\":{\"@type\":\"EntryPoint\",\"urlTemplate\":\"https:\/\/www.123-kaminofen.de\/deutsch\/?s={search_term_string}\"},\"query-input\":{\"@type\":\"PropertyValueSpecification\",\"valueRequired\":true,\"valueName\":\"search_term_string\"}}],\"inLanguage\":\"de\"},{\"@type\":\"Organization\",\"@id\":\"https:\/\/www.123-kaminofen.de\/deutsch\/#organization\",\"name\":\"Handelsbetrieb Bakker\",\"alternateName\":\"123-Kaminofen\",\"url\":\"https:\/\/www.123-kaminofen.de\/deutsch\/\",\"logo\":{\"@type\":\"ImageObject\",\"inLanguage\":\"de\",\"@id\":\"https:\/\/www.123-kaminofen.de\/deutsch\/#\/schema\/logo\/image\/\",\"url\":\"https:\/\/www.spectrumsolar.nl\/deutsch\/wp-content\/uploads\/2023\/04\/123-Kaminofen.png\",\"contentUrl\":\"https:\/\/www.spectrumsolar.nl\/deutsch\/wp-content\/uploads\/2023\/04\/123-Kaminofen.png\",\"width\":1447,\"height\":221,\"caption\":\"Handelsbetrieb Bakker\"},\"image\":{\"@id\":\"https:\/\/www.123-kaminofen.de\/deutsch\/#\/schema\/logo\/image\/\"},\"sameAs\":[\"https:\/\/www.facebook.com\/123kaminofen\",\"https:\/\/instagram.com\/123kaminofen\"]}]}<\/script>\n<!-- \/ Yoast SEO plugin. -->","yoast_head_json":{"title":"Justus Meva Speckstein Top | 123-Kaminofen","description":"Sie suchen einen Justus Meva Speckstein Top? Dann werden Sie bei 123-Kaminofen f\u00fcndig. Der Experte f\u00fcr Nachhaltigkeit. Entdecken Sie jetzt unsere Angebote.","robots":{"index":"index","follow":"follow","max-snippet":"max-snippet:-1","max-image-preview":"max-image-preview:large","max-video-preview":"max-video-preview:-1"},"canonical":"https:\/\/www.123-kaminofen.de\/deutsch\/produkt\/justus-meva-speckstein-top\/","og_locale":"de_DE","og_type":"article","og_title":"Justus Meva Speckstein Top | 123-Kaminofen","og_description":"Sie suchen einen Justus Meva Speckstein Top? Dann werden Sie bei 123-Kaminofen f\u00fcndig. Der Experte f\u00fcr Nachhaltigkeit. Entdecken Sie jetzt unsere Angebote.","og_url":"https:\/\/www.123-kaminofen.de\/deutsch\/produkt\/justus-meva-speckstein-top\/","og_site_name":"123-Kaminofen","article_publisher":"https:\/\/www.facebook.com\/123kaminofen","article_modified_time":"2025-02-06T11:07:49+00:00","og_image":[{"width":800,"height":800,"url":"https:\/\/www.123-kaminofen.de\/deutsch\/wp-content\/uploads\/2023\/07\/Justus-ofen_0013_Justus-Meva-Speksteen-Top.jpg","type":"image\/jpeg"}],"twitter_card":"summary_large_image","twitter_misc":{"Gesch\u00e4tzte Lesezeit":"2\u00a0Minuten"},"schema":{"@context":"https:\/\/schema.org","@graph":[{"@type":"WebPage","@id":"https:\/\/www.123-kaminofen.de\/deutsch\/produkt\/justus-meva-speckstein-top\/","url":"https:\/\/www.123-kaminofen.de\/deutsch\/produkt\/justus-meva-speckstein-top\/","name":"Justus Meva Speckstein Top | 123-Kaminofen","isPartOf":{"@id":"https:\/\/www.123-kaminofen.de\/deutsch\/#website"},"primaryImageOfPage":{"@id":"https:\/\/www.123-kaminofen.de\/deutsch\/produkt\/justus-meva-speckstein-top\/#primaryimage"},"image":{"@id":"https:\/\/www.123-kaminofen.de\/deutsch\/produkt\/justus-meva-speckstein-top\/#primaryimage"},"thumbnailUrl":"https:\/\/www.123-kaminofen.de\/deutsch\/wp-content\/uploads\/2023\/07\/Justus-ofen_0013_Justus-Meva-Speksteen-Top.jpg","datePublished":"2023-07-07T09:52:40+00:00","dateModified":"2025-02-06T11:07:49+00:00","description":"Sie suchen einen Justus Meva Speckstein Top? Dann werden Sie bei 123-Kaminofen f\u00fcndig. Der Experte f\u00fcr Nachhaltigkeit. Entdecken Sie jetzt unsere Angebote.","breadcrumb":{"@id":"https:\/\/www.123-kaminofen.de\/deutsch\/produkt\/justus-meva-speckstein-top\/#breadcrumb"},"inLanguage":"de","potentialAction":[{"@type":"ReadAction","target":["https:\/\/www.123-kaminofen.de\/deutsch\/produkt\/justus-meva-speckstein-top\/"]}]},{"@type":"ImageObject","inLanguage":"de","@id":"https:\/\/www.123-kaminofen.de\/deutsch\/produkt\/justus-meva-speckstein-top\/#primaryimage","url":"https:\/\/www.123-kaminofen.de\/deutsch\/wp-content\/uploads\/2023\/07\/Justus-ofen_0013_Justus-Meva-Speksteen-Top.jpg","contentUrl":"https:\/\/www.123-kaminofen.de\/deutsch\/wp-content\/uploads\/2023\/07\/Justus-ofen_0013_Justus-Meva-Speksteen-Top.jpg","width":800,"height":800},{"@type":"BreadcrumbList","@id":"https:\/\/www.123-kaminofen.de\/deutsch\/produkt\/justus-meva-speckstein-top\/#breadcrumb","itemListElement":[{"@type":"ListItem","position":1,"name":"Home","item":"https:\/\/www.123-kaminofen.de\/deutsch\/"},{"@type":"ListItem","position":2,"name":"Webshop","item":"https:\/\/www.123-kaminofen.de\/deutsch\/winkel\/"},{"@type":"ListItem","position":3,"name":"Justus Meva Speckstein Top"}]},{"@type":"WebSite","@id":"https:\/\/www.123-kaminofen.de\/deutsch\/#website","url":"https:\/\/www.123-kaminofen.de\/deutsch\/","name":"123-Kaminofen","description":"","publisher":{"@id":"https:\/\/www.123-kaminofen.de\/deutsch\/#organization"},"potentialAction":[{"@type":"SearchAction","target":{"@type":"EntryPoint","urlTemplate":"https:\/\/www.123-kaminofen.de\/deutsch\/?s={search_term_string}"},"query-input":{"@type":"PropertyValueSpecification","valueRequired":true,"valueName":"search_term_string"}}],"inLanguage":"de"},{"@type":"Organization","@id":"https:\/\/www.123-kaminofen.de\/deutsch\/#organization","name":"Handelsbetrieb Bakker","alternateName":"123-Kaminofen","url":"https:\/\/www.123-kaminofen.de\/deutsch\/","logo":{"@type":"ImageObject","inLanguage":"de","@id":"https:\/\/www.123-kaminofen.de\/deutsch\/#\/schema\/logo\/image\/","url":"https:\/\/www.spectrumsolar.nl\/deutsch\/wp-content\/uploads\/2023\/04\/123-Kaminofen.png","contentUrl":"https:\/\/www.spectrumsolar.nl\/deutsch\/wp-content\/uploads\/2023\/04\/123-Kaminofen.png","width":1447,"height":221,"caption":"Handelsbetrieb Bakker"},"image":{"@id":"https:\/\/www.123-kaminofen.de\/deutsch\/#\/schema\/logo\/image\/"},"sameAs":["https:\/\/www.facebook.com\/123kaminofen","https:\/\/instagram.com\/123kaminofen"]}]}},"_links":{"self":[{"href":"https:\/\/www.123-kaminofen.de\/deutsch\/wp-json\/wp\/v2\/product\/14280","targetHints":{"allow":["GET"]}}],"collection":[{"href":"https:\/\/www.123-kaminofen.de\/deutsch\/wp-json\/wp\/v2\/product"}],"about":[{"href":"https:\/\/www.123-kaminofen.de\/deutsch\/wp-json\/wp\/v2\/types\/product"}],"version-history":[{"count":3,"href":"https:\/\/www.123-kaminofen.de\/deutsch\/wp-json\/wp\/v2\/product\/14280\/revisions"}],"predecessor-version":[{"id":27281,"href":"https:\/\/www.123-kaminofen.de\/deutsch\/wp-json\/wp\/v2\/product\/14280\/revisions\/27281"}],"wp:featuredmedia":[{"embeddable":true,"href":"https:\/\/www.123-kaminofen.de\/deutsch\/wp-json\/wp\/v2\/media\/14254"}],"wp:attachment":[{"href":"https:\/\/www.123-kaminofen.de\/deutsch\/wp-json\/wp\/v2\/media?parent=14280"}],"wp:term":[{"taxonomy":"product_brand","embeddable":true,"href":"https:\/\/www.123-kaminofen.de\/deutsch\/wp-json\/wp\/v2\/product_brand?post=14280"},{"taxonomy":"product_cat","embeddable":true,"href":"https:\/\/www.123-kaminofen.de\/deutsch\/wp-json\/wp\/v2\/product_cat?post=14280"},{"taxonomy":"product_tag","embeddable":true,"href":"https:\/\/www.123-kaminofen.de\/deutsch\/wp-json\/wp\/v2\/product_tag?post=14280"}],"curies":[{"name":"wp","href":"https:\/\/api.w.org\/{rel}","templated":true}]}}