{"id":15962,"date":"2023-07-26T16:22:04","date_gmt":"2023-07-26T14:22:04","guid":{"rendered":"http:\/\/spectrumsolar.nl\/product\/dakdoorvoer-gepoedercoat\/"},"modified":"2024-06-19T13:35:44","modified_gmt":"2024-06-19T11:35:44","slug":"dachdurchfuehrung-matt-schwarz","status":"publish","type":"product","link":"https:\/\/www.123-kaminofen.de\/deutsch\/produkt\/dachdurchfuehrung-matt-schwarz\/","title":{"rendered":"Dachdurchf\u00fchrung matt schwarz"},"content":{"rendered":"<h2>Dakdoorvoer<\/h2>\n<p>Onze dakdoorvoer, vakkundig gepoedercoat in RAL kleur 9005, biedt een veilige en waterdichte aansluiting van je kachelpijp op het dak. Deze dakdoorvoer is speciaal ontworpen om regen en andere weersinvloeden buiten te houden, waardoor je interieur beschermd blijft. Met een binnendiameter van 150 mm en een isolatiedikte van 30 mm, zorgt deze dakdoorvoer voor een optimale warmteafvoer en minimaliseert warmteverlies. Vertrouw op de duurzaamheid van onze dakdoorvoer en geniet van de 25-jarige garantie. Bestel nu en zorg voor een veilige en waterdichte aansluiting van je kachelpijp met deze hoogwaardige dakdoorvoer.<\/p>\n<p>Let op: stormkraag dient apart te worden besteld.<\/p>\n","protected":false},"excerpt":{"rendered":"<p>Dakdoorvoer Onze dakdoorvoer, vakkundig gepoedercoat in RAL kleur 9005, biedt een veilige en waterdichte aansluiting van je kachelpijp op het<\/p>\n","protected":false},"featured_media":15684,"template":"","meta":[],"product_brand":[],"product_cat":[1201],"product_tag":[],"class_list":{"0":"post-15962","1":"product","2":"type-product","3":"status-publish","4":"has-post-thumbnail","6":"product_cat-doppelwandiges-ofenrohr","7":"product_shipping_class-rookkanaal","8":"pa_betriebstemperatur-maximal-600c","9":"pa_dicke-der-isolierung-30-mm","10":"pa_farbe-des-rauchrohrs-schwarz-matt","11":"pa_neigungsbereich-0-30","12":"pa_neigungsbereich-30-45","13":"pa_neigungsbereich-45-60","14":"pa_produkttyp-3-dachdurchfuehrung","16":"first","17":"instock","18":"taxable","19":"shipping-taxable","20":"product-type-variable","21":"has-default-attributes"},"yoast_head":"<!-- This site is optimized with the Yoast SEO plugin v26.8 - https:\/\/yoast.com\/product\/yoast-seo-wordpress\/ -->\n<title>Dachdurchf\u00fchrung matt schwarz | 123-Kaminofen<\/title>\n<meta name=\"description\" content=\"Sie suchen einen Dachdurchf\u00fchrung matt schwarz? Dann werden Sie bei 123-Kaminofen f\u00fcndig. Der Experte f\u00fcr Nachhaltigkeit. Entdecken Sie jetzt unsere Angebote.\" \/>\n<meta name=\"robots\" content=\"index, follow, max-snippet:-1, max-image-preview:large, max-video-preview:-1\" \/>\n<link rel=\"canonical\" href=\"https:\/\/www.123-kaminofen.de\/deutsch\/produkt\/dachdurchfuehrung-matt-schwarz\/\" \/>\n<meta property=\"og:locale\" content=\"de_DE\" \/>\n<meta property=\"og:type\" content=\"article\" \/>\n<meta property=\"og:title\" content=\"Dachdurchf\u00fchrung matt schwarz | 123-Kaminofen\" \/>\n<meta property=\"og:description\" content=\"Sie suchen einen Dachdurchf\u00fchrung matt schwarz? Dann werden Sie bei 123-Kaminofen f\u00fcndig. Der Experte f\u00fcr Nachhaltigkeit. Entdecken Sie jetzt unsere Angebote.\" \/>\n<meta property=\"og:url\" content=\"https:\/\/www.123-kaminofen.de\/deutsch\/produkt\/dachdurchfuehrung-matt-schwarz\/\" \/>\n<meta property=\"og:site_name\" content=\"123-Kaminofen\" \/>\n<meta property=\"article:publisher\" content=\"https:\/\/www.facebook.com\/123kaminofen\" \/>\n<meta property=\"article:modified_time\" content=\"2024-06-19T11:35:44+00:00\" \/>\n<meta property=\"og:image\" content=\"https:\/\/www.123-kaminofen.de\/deutsch\/wp-content\/uploads\/2023\/07\/Zwart-rookkanaal_0003_Laag-21.jpg\" \/>\n\t<meta property=\"og:image:width\" content=\"800\" \/>\n\t<meta property=\"og:image:height\" content=\"800\" \/>\n\t<meta property=\"og:image:type\" content=\"image\/jpeg\" \/>\n<meta name=\"twitter:card\" content=\"summary_large_image\" \/>\n<script type=\"application\/ld+json\" class=\"yoast-schema-graph\">{\"@context\":\"https:\/\/schema.org\",\"@graph\":[{\"@type\":\"WebPage\",\"@id\":\"https:\/\/www.123-kaminofen.de\/deutsch\/produkt\/dachdurchfuehrung-matt-schwarz\/\",\"url\":\"https:\/\/www.123-kaminofen.de\/deutsch\/produkt\/dachdurchfuehrung-matt-schwarz\/\",\"name\":\"Dachdurchf\u00fchrung matt schwarz | 123-Kaminofen\",\"isPartOf\":{\"@id\":\"https:\/\/www.123-kaminofen.de\/deutsch\/#website\"},\"primaryImageOfPage\":{\"@id\":\"https:\/\/www.123-kaminofen.de\/deutsch\/produkt\/dachdurchfuehrung-matt-schwarz\/#primaryimage\"},\"image\":{\"@id\":\"https:\/\/www.123-kaminofen.de\/deutsch\/produkt\/dachdurchfuehrung-matt-schwarz\/#primaryimage\"},\"thumbnailUrl\":\"https:\/\/www.123-kaminofen.de\/deutsch\/wp-content\/uploads\/2023\/07\/Zwart-rookkanaal_0003_Laag-21.jpg\",\"datePublished\":\"2023-07-26T14:22:04+00:00\",\"dateModified\":\"2024-06-19T11:35:44+00:00\",\"description\":\"Sie suchen einen Dachdurchf\u00fchrung matt schwarz? Dann werden Sie bei 123-Kaminofen f\u00fcndig. Der Experte f\u00fcr Nachhaltigkeit. Entdecken Sie jetzt unsere Angebote.\",\"breadcrumb\":{\"@id\":\"https:\/\/www.123-kaminofen.de\/deutsch\/produkt\/dachdurchfuehrung-matt-schwarz\/#breadcrumb\"},\"inLanguage\":\"de\",\"potentialAction\":[{\"@type\":\"ReadAction\",\"target\":[\"https:\/\/www.123-kaminofen.de\/deutsch\/produkt\/dachdurchfuehrung-matt-schwarz\/\"]}]},{\"@type\":\"ImageObject\",\"inLanguage\":\"de\",\"@id\":\"https:\/\/www.123-kaminofen.de\/deutsch\/produkt\/dachdurchfuehrung-matt-schwarz\/#primaryimage\",\"url\":\"https:\/\/www.123-kaminofen.de\/deutsch\/wp-content\/uploads\/2023\/07\/Zwart-rookkanaal_0003_Laag-21.jpg\",\"contentUrl\":\"https:\/\/www.123-kaminofen.de\/deutsch\/wp-content\/uploads\/2023\/07\/Zwart-rookkanaal_0003_Laag-21.jpg\",\"width\":800,\"height\":800},{\"@type\":\"BreadcrumbList\",\"@id\":\"https:\/\/www.123-kaminofen.de\/deutsch\/produkt\/dachdurchfuehrung-matt-schwarz\/#breadcrumb\",\"itemListElement\":[{\"@type\":\"ListItem\",\"position\":1,\"name\":\"Home\",\"item\":\"https:\/\/www.123-kaminofen.de\/deutsch\/\"},{\"@type\":\"ListItem\",\"position\":2,\"name\":\"Webshop\",\"item\":\"https:\/\/www.123-kaminofen.de\/deutsch\/winkel\/\"},{\"@type\":\"ListItem\",\"position\":3,\"name\":\"Dachdurchf\u00fchrung matt schwarz\"}]},{\"@type\":\"WebSite\",\"@id\":\"https:\/\/www.123-kaminofen.de\/deutsch\/#website\",\"url\":\"https:\/\/www.123-kaminofen.de\/deutsch\/\",\"name\":\"123-Kaminofen\",\"description\":\"\",\"publisher\":{\"@id\":\"https:\/\/www.123-kaminofen.de\/deutsch\/#organization\"},\"potentialAction\":[{\"@type\":\"SearchAction\",\"target\":{\"@type\":\"EntryPoint\",\"urlTemplate\":\"https:\/\/www.123-kaminofen.de\/deutsch\/?s={search_term_string}\"},\"query-input\":{\"@type\":\"PropertyValueSpecification\",\"valueRequired\":true,\"valueName\":\"search_term_string\"}}],\"inLanguage\":\"de\"},{\"@type\":\"Organization\",\"@id\":\"https:\/\/www.123-kaminofen.de\/deutsch\/#organization\",\"name\":\"Handelsbetrieb Bakker\",\"alternateName\":\"123-Kaminofen\",\"url\":\"https:\/\/www.123-kaminofen.de\/deutsch\/\",\"logo\":{\"@type\":\"ImageObject\",\"inLanguage\":\"de\",\"@id\":\"https:\/\/www.123-kaminofen.de\/deutsch\/#\/schema\/logo\/image\/\",\"url\":\"https:\/\/www.spectrumsolar.nl\/deutsch\/wp-content\/uploads\/2023\/04\/123-Kaminofen.png\",\"contentUrl\":\"https:\/\/www.spectrumsolar.nl\/deutsch\/wp-content\/uploads\/2023\/04\/123-Kaminofen.png\",\"width\":1447,\"height\":221,\"caption\":\"Handelsbetrieb Bakker\"},\"image\":{\"@id\":\"https:\/\/www.123-kaminofen.de\/deutsch\/#\/schema\/logo\/image\/\"},\"sameAs\":[\"https:\/\/www.facebook.com\/123kaminofen\",\"https:\/\/instagram.com\/123kaminofen\"]}]}<\/script>\n<!-- \/ Yoast SEO plugin. -->","yoast_head_json":{"title":"Dachdurchf\u00fchrung matt schwarz | 123-Kaminofen","description":"Sie suchen einen Dachdurchf\u00fchrung matt schwarz? Dann werden Sie bei 123-Kaminofen f\u00fcndig. Der Experte f\u00fcr Nachhaltigkeit. Entdecken Sie jetzt unsere Angebote.","robots":{"index":"index","follow":"follow","max-snippet":"max-snippet:-1","max-image-preview":"max-image-preview:large","max-video-preview":"max-video-preview:-1"},"canonical":"https:\/\/www.123-kaminofen.de\/deutsch\/produkt\/dachdurchfuehrung-matt-schwarz\/","og_locale":"de_DE","og_type":"article","og_title":"Dachdurchf\u00fchrung matt schwarz | 123-Kaminofen","og_description":"Sie suchen einen Dachdurchf\u00fchrung matt schwarz? Dann werden Sie bei 123-Kaminofen f\u00fcndig. Der Experte f\u00fcr Nachhaltigkeit. Entdecken Sie jetzt unsere Angebote.","og_url":"https:\/\/www.123-kaminofen.de\/deutsch\/produkt\/dachdurchfuehrung-matt-schwarz\/","og_site_name":"123-Kaminofen","article_publisher":"https:\/\/www.facebook.com\/123kaminofen","article_modified_time":"2024-06-19T11:35:44+00:00","og_image":[{"width":800,"height":800,"url":"https:\/\/www.123-kaminofen.de\/deutsch\/wp-content\/uploads\/2023\/07\/Zwart-rookkanaal_0003_Laag-21.jpg","type":"image\/jpeg"}],"twitter_card":"summary_large_image","schema":{"@context":"https:\/\/schema.org","@graph":[{"@type":"WebPage","@id":"https:\/\/www.123-kaminofen.de\/deutsch\/produkt\/dachdurchfuehrung-matt-schwarz\/","url":"https:\/\/www.123-kaminofen.de\/deutsch\/produkt\/dachdurchfuehrung-matt-schwarz\/","name":"Dachdurchf\u00fchrung matt schwarz | 123-Kaminofen","isPartOf":{"@id":"https:\/\/www.123-kaminofen.de\/deutsch\/#website"},"primaryImageOfPage":{"@id":"https:\/\/www.123-kaminofen.de\/deutsch\/produkt\/dachdurchfuehrung-matt-schwarz\/#primaryimage"},"image":{"@id":"https:\/\/www.123-kaminofen.de\/deutsch\/produkt\/dachdurchfuehrung-matt-schwarz\/#primaryimage"},"thumbnailUrl":"https:\/\/www.123-kaminofen.de\/deutsch\/wp-content\/uploads\/2023\/07\/Zwart-rookkanaal_0003_Laag-21.jpg","datePublished":"2023-07-26T14:22:04+00:00","dateModified":"2024-06-19T11:35:44+00:00","description":"Sie suchen einen Dachdurchf\u00fchrung matt schwarz? Dann werden Sie bei 123-Kaminofen f\u00fcndig. Der Experte f\u00fcr Nachhaltigkeit. Entdecken Sie jetzt unsere Angebote.","breadcrumb":{"@id":"https:\/\/www.123-kaminofen.de\/deutsch\/produkt\/dachdurchfuehrung-matt-schwarz\/#breadcrumb"},"inLanguage":"de","potentialAction":[{"@type":"ReadAction","target":["https:\/\/www.123-kaminofen.de\/deutsch\/produkt\/dachdurchfuehrung-matt-schwarz\/"]}]},{"@type":"ImageObject","inLanguage":"de","@id":"https:\/\/www.123-kaminofen.de\/deutsch\/produkt\/dachdurchfuehrung-matt-schwarz\/#primaryimage","url":"https:\/\/www.123-kaminofen.de\/deutsch\/wp-content\/uploads\/2023\/07\/Zwart-rookkanaal_0003_Laag-21.jpg","contentUrl":"https:\/\/www.123-kaminofen.de\/deutsch\/wp-content\/uploads\/2023\/07\/Zwart-rookkanaal_0003_Laag-21.jpg","width":800,"height":800},{"@type":"BreadcrumbList","@id":"https:\/\/www.123-kaminofen.de\/deutsch\/produkt\/dachdurchfuehrung-matt-schwarz\/#breadcrumb","itemListElement":[{"@type":"ListItem","position":1,"name":"Home","item":"https:\/\/www.123-kaminofen.de\/deutsch\/"},{"@type":"ListItem","position":2,"name":"Webshop","item":"https:\/\/www.123-kaminofen.de\/deutsch\/winkel\/"},{"@type":"ListItem","position":3,"name":"Dachdurchf\u00fchrung matt schwarz"}]},{"@type":"WebSite","@id":"https:\/\/www.123-kaminofen.de\/deutsch\/#website","url":"https:\/\/www.123-kaminofen.de\/deutsch\/","name":"123-Kaminofen","description":"","publisher":{"@id":"https:\/\/www.123-kaminofen.de\/deutsch\/#organization"},"potentialAction":[{"@type":"SearchAction","target":{"@type":"EntryPoint","urlTemplate":"https:\/\/www.123-kaminofen.de\/deutsch\/?s={search_term_string}"},"query-input":{"@type":"PropertyValueSpecification","valueRequired":true,"valueName":"search_term_string"}}],"inLanguage":"de"},{"@type":"Organization","@id":"https:\/\/www.123-kaminofen.de\/deutsch\/#organization","name":"Handelsbetrieb Bakker","alternateName":"123-Kaminofen","url":"https:\/\/www.123-kaminofen.de\/deutsch\/","logo":{"@type":"ImageObject","inLanguage":"de","@id":"https:\/\/www.123-kaminofen.de\/deutsch\/#\/schema\/logo\/image\/","url":"https:\/\/www.spectrumsolar.nl\/deutsch\/wp-content\/uploads\/2023\/04\/123-Kaminofen.png","contentUrl":"https:\/\/www.spectrumsolar.nl\/deutsch\/wp-content\/uploads\/2023\/04\/123-Kaminofen.png","width":1447,"height":221,"caption":"Handelsbetrieb Bakker"},"image":{"@id":"https:\/\/www.123-kaminofen.de\/deutsch\/#\/schema\/logo\/image\/"},"sameAs":["https:\/\/www.facebook.com\/123kaminofen","https:\/\/instagram.com\/123kaminofen"]}]}},"_links":{"self":[{"href":"https:\/\/www.123-kaminofen.de\/deutsch\/wp-json\/wp\/v2\/product\/15962","targetHints":{"allow":["GET"]}}],"collection":[{"href":"https:\/\/www.123-kaminofen.de\/deutsch\/wp-json\/wp\/v2\/product"}],"about":[{"href":"https:\/\/www.123-kaminofen.de\/deutsch\/wp-json\/wp\/v2\/types\/product"}],"version-history":[{"count":1,"href":"https:\/\/www.123-kaminofen.de\/deutsch\/wp-json\/wp\/v2\/product\/15962\/revisions"}],"predecessor-version":[{"id":27382,"href":"https:\/\/www.123-kaminofen.de\/deutsch\/wp-json\/wp\/v2\/product\/15962\/revisions\/27382"}],"wp:featuredmedia":[{"embeddable":true,"href":"https:\/\/www.123-kaminofen.de\/deutsch\/wp-json\/wp\/v2\/media\/15684"}],"wp:attachment":[{"href":"https:\/\/www.123-kaminofen.de\/deutsch\/wp-json\/wp\/v2\/media?parent=15962"}],"wp:term":[{"taxonomy":"product_brand","embeddable":true,"href":"https:\/\/www.123-kaminofen.de\/deutsch\/wp-json\/wp\/v2\/product_brand?post=15962"},{"taxonomy":"product_cat","embeddable":true,"href":"https:\/\/www.123-kaminofen.de\/deutsch\/wp-json\/wp\/v2\/product_cat?post=15962"},{"taxonomy":"product_tag","embeddable":true,"href":"https:\/\/www.123-kaminofen.de\/deutsch\/wp-json\/wp\/v2\/product_tag?post=15962"}],"curies":[{"name":"wp","href":"https:\/\/api.w.org\/{rel}","templated":true}]}}

Dachdurchführung matt schwarz

<!-- This site is optimized with the Yoast SEO plugin v26.8 - https://yoast.com/product/yoast-seo-wordpress/ -->
<title>Dachdurchführung matt schwarz | 123-Kaminofen</title>
<meta name="description" content="Sie suchen einen Dachdurchführung matt schwarz? Dann werden Sie bei 123-Kaminofen fündig. Der Experte für Nachhaltigkeit. Entdecken Sie jetzt unsere Angebote." />
<meta name="robots" content="index, follow, max-snippet:-1, max-image-preview:large, max-video-preview:-1" />
<link rel="canonical" href="https://www.123-kaminofen.de/deutsch/produkt/dachdurchfuehrung-matt-schwarz/" />
<meta property="og:locale" content="de_DE" />
<meta property="og:type" content="article" />
<meta property="og:title" content="Dachdurchführung matt schwarz | 123-Kaminofen" />
<meta property="og:description" content="Sie suchen einen Dachdurchführung matt schwarz? Dann werden Sie bei 123-Kaminofen fündig. Der Experte für Nachhaltigkeit. Entdecken Sie jetzt unsere Angebote." />
<meta property="og:url" content="https://www.123-kaminofen.de/deutsch/produkt/dachdurchfuehrung-matt-schwarz/" />
<meta property="og:site_name" content="123-Kaminofen" />
<meta property="article:publisher" content="https://www.facebook.com/123kaminofen" />
<meta property="article:modified_time" content="2024-06-19T11:35:44+00:00" />
<meta property="og:image" content="https://www.123-kaminofen.de/deutsch/wp-content/uploads/2023/07/Zwart-rookkanaal_0003_Laag-21.jpg" />
	<meta property="og:image:width" content="800" />
	<meta property="og:image:height" content="800" />
	<meta property="og:image:type" content="image/jpeg" />
<meta name="twitter:card" content="summary_large_image" />
<script type="application/ld+json" class="yoast-schema-graph">{"@context":"https://schema.org","@graph":[{"@type":"WebPage","@id":"https://www.123-kaminofen.de/deutsch/produkt/dachdurchfuehrung-matt-schwarz/","url":"https://www.123-kaminofen.de/deutsch/produkt/dachdurchfuehrung-matt-schwarz/","name":"Dachdurchführung matt schwarz | 123-Kaminofen","isPartOf":{"@id":"https://www.123-kaminofen.de/deutsch/#website"},"primaryImageOfPage":{"@id":"https://www.123-kaminofen.de/deutsch/produkt/dachdurchfuehrung-matt-schwarz/#primaryimage"},"image":{"@id":"https://www.123-kaminofen.de/deutsch/produkt/dachdurchfuehrung-matt-schwarz/#primaryimage"},"thumbnailUrl":"https://www.123-kaminofen.de/deutsch/wp-content/uploads/2023/07/Zwart-rookkanaal_0003_Laag-21.jpg","datePublished":"2023-07-26T14:22:04+00:00","dateModified":"2024-06-19T11:35:44+00:00","description":"Sie suchen einen Dachdurchführung matt schwarz? Dann werden Sie bei 123-Kaminofen fündig. Der Experte für Nachhaltigkeit. Entdecken Sie jetzt unsere Angebote.","breadcrumb":{"@id":"https://www.123-kaminofen.de/deutsch/produkt/dachdurchfuehrung-matt-schwarz/#breadcrumb"},"inLanguage":"de","potentialAction":[{"@type":"ReadAction","target":["https://www.123-kaminofen.de/deutsch/produkt/dachdurchfuehrung-matt-schwarz/"]}]},{"@type":"ImageObject","inLanguage":"de","@id":"https://www.123-kaminofen.de/deutsch/produkt/dachdurchfuehrung-matt-schwarz/#primaryimage","url":"https://www.123-kaminofen.de/deutsch/wp-content/uploads/2023/07/Zwart-rookkanaal_0003_Laag-21.jpg","contentUrl":"https://www.123-kaminofen.de/deutsch/wp-content/uploads/2023/07/Zwart-rookkanaal_0003_Laag-21.jpg","width":800,"height":800},{"@type":"BreadcrumbList","@id":"https://www.123-kaminofen.de/deutsch/produkt/dachdurchfuehrung-matt-schwarz/#breadcrumb","itemListElement":[{"@type":"ListItem","position":1,"name":"Home","item":"https://www.123-kaminofen.de/deutsch/"},{"@type":"ListItem","position":2,"name":"Webshop","item":"https://www.123-kaminofen.de/deutsch/winkel/"},{"@type":"ListItem","position":3,"name":"Dachdurchführung matt schwarz"}]},{"@type":"WebSite","@id":"https://www.123-kaminofen.de/deutsch/#website","url":"https://www.123-kaminofen.de/deutsch/","name":"123-Kaminofen","description":"","publisher":{"@id":"https://www.123-kaminofen.de/deutsch/#organization"},"potentialAction":[{"@type":"SearchAction","target":{"@type":"EntryPoint","urlTemplate":"https://www.123-kaminofen.de/deutsch/?s={search_term_string}"},"query-input":{"@type":"PropertyValueSpecification","valueRequired":true,"valueName":"search_term_string"}}],"inLanguage":"de"},{"@type":"Organization","@id":"https://www.123-kaminofen.de/deutsch/#organization","name":"Handelsbetrieb Bakker","alternateName":"123-Kaminofen","url":"https://www.123-kaminofen.de/deutsch/","logo":{"@type":"ImageObject","inLanguage":"de","@id":"https://www.123-kaminofen.de/deutsch/#/schema/logo/image/","url":"https://www.spectrumsolar.nl/deutsch/wp-content/uploads/2023/04/123-Kaminofen.png","contentUrl":"https://www.spectrumsolar.nl/deutsch/wp-content/uploads/2023/04/123-Kaminofen.png","width":1447,"height":221,"caption":"Handelsbetrieb Bakker"},"image":{"@id":"https://www.123-kaminofen.de/deutsch/#/schema/logo/image/"},"sameAs":["https://www.facebook.com/123kaminofen","https://instagram.com/123kaminofen"]}]}</script>
<!-- / Yoast SEO plugin. -->

Dachdurchführung matt schwarz | 123-Kaminofen

Sie suchen einen Dachdurchführung matt schwarz? Dann werden Sie bei 123-Kaminofen fündig. Der Experte für Nachhaltigkeit. Entdecken Sie jetzt unsere Angebote.
